se -17*a = -20*a, -5*d + 2*a - 205 = 0. Let r(b) = 4*b - 4. Let w be r(-3). Let h = w - d. List the prime factors of h.
5
Suppose -g - 46 = 2*g - 4*o, -43 = 3*g - o. Let d be 4/(-14) + 162/(-21). Let q = d - g. What are the prime factors of q?
2, 3
Suppose 5*q = 2*a + 6657, 0 = -2*a - 5 + 3. List the prime factors of q.
11
Let m = -841 - -1262. List the prime factors of m.
421
Suppose 2*h + 12 = -3*x - 3, 4*h = 3*x - 3. Let i be -1 - x - -2 - 2. Suppose -3*f + 90 = i*f. List the prime factors of f.
2, 3
What are the prime factors of ((2/3)/(4/(-7278)))/(-1)?
1213
Let j be ((-2)/2)/((-2)/(-384)*4). List the prime factors of (-27)/(6*3/j).
2, 3
Suppose 0 = -21*b + 12*b + 4176. List the prime factors of b.
2, 29
Let v be (-2)/4 + ((-15)/10 - -2). Suppose v = -5*r + 254 - 9. List the prime factors of r.
7
Suppose 3*u + 3*h + 1188 = 5889, 2*u = h + 3137. List the prime factors of u.
2, 7
List the prime factors of ((-2165)/4 - -1)*4/(-1).
2161
Let n(l) = -4*l + 11. Let r be 9 + 4 + 0 + -3. Let d be n(r). Let m = d + 63. What are the prime factors of m?
2, 17
Let a = 23 + -21. Suppose a*f = 98 + 12. List the prime factors of f.
5, 11
Let h(n) = -n + 7. Let d be h(3). List the prime factors of (7 - d - -76) + -5.
2, 37
Let z(j) = j**3 + 18*j**2 + 43*j + 5. Let c be z(-15). Suppose -4*d - 2 = 38. Let k = d + c. List the prime factors of k.
5
List the prime factors of -2 + 1729 + (-1 - -8).
2, 3, 17
What are the prime factors of (2/(-12) - (-66)/99)*1274?
7, 13
Suppose 210 = -0*n + 3*n. Let p = n + -20. List the prime factors of p.
2, 5
Let d(c) = c**3 - 2*c**2 + 10*c + 1. Let g be d(7). Suppose -4*v + 2*i + g = -2*i, 0 = -3*i. List the prime factors of v.
79
Let w be (2 - (-8)/(-6))*(5 + -2). Suppose 4*j = -12, 4*n - 2*j - 94 = w*n. List the prime factors of n.
2, 11
Let x = 211 + -85. Suppose -x = -t - 3*a - 2*a, 3*a - 6 = 0. Suppose 2*q = -0*q + t. What are the prime factors of q?
2, 29
Suppose 21 - 1 = 4*j. Let n = -2 - j. Let f(s) = -2*s - 10. What are the prime factors of f(n)?
2
Let k(w) = w**2 + 7*w - 4. Let g be 3/(-5) - 87/5. List the prime factors of k(g).
2, 97
Suppose 15*k - 17*k = 2*s - 866, 3*k + s - 1293 = 0. What are the prime factors of k?
2, 5, 43
Let k(y) = 3*y**2 - 1. Let a be k(-1). Suppose 59 = a*l - 13. List the prime factors of l.
2, 3
Let h(f) = 46*f**3 + 33*f + 19*f**2 - 12 - f**2 - 9 - 47*f**3. What are the prime factors of h(19)?
5, 7
Let b be 1*(-3 + 4) - -1. Suppose -31 = -b*p + 5. List the prime factors of p.
2, 3
Let o = 18 + 398. List the prime factors of o.
2, 13
Let i be -1*(-1)/1*26. Let g = i + -22. Suppose -5*h - 107 = -g*y, 3*y + 2*h + 2 = 65. What are the prime factors of y?
23
Suppose -16 = 6*t - 2*t - 5*a, -3*a = 4*t + 16. Let o be (t/2)/(-1 - 0). Suppose o*d = 23 + 11. What are the prime factors of d?
17
List the prime factors of ((-78)/(-91))/((20/5068)/5).
2, 3, 181
Suppose 0*m - 5*m + 890 = 4*g, 0 = -m + 5*g + 207. Let d = m - 116. Suppose -3*l = -2*n + d, l + 36 - 1 = n. List the prime factors of n.
3, 13
Let p(z) = -z**3 + 29*z**2 - 26*z - 53. Let m be p(28). List the prime factors of (7 + -6)/(m/48).
2
Let b = -28 - -52. Let v = b + 0. What are the prime factors of v?
2, 3
Let j = 856 - -1095. List the prime factors of j.
1951
Let t(j) be the first derivative of 2*j**3/3 - j**2 + 4*j - 3. Let p be t(-3). Suppose 2*v - p = 36. What are the prime factors of v?
2
Let s = 1197 + -406. List the prime factors of s.
7, 113
Let d(b) = -9*b + 541. List the prime factors of d(0).
541
Let n be 8/(((-2)/5)/2). Let c be (-42)/(-10) + 8/n. Suppose 5*o = 0, -c*f + 4*o = o - 52. What are the prime factors of f?
13
Let q = -36 + 41. Suppose 278 + 212 = 5*s + 2*c, 25 = -q*c. List the prime factors of s.
2, 5
Let g = 26 + -24. Suppose z - 8 = g*z - 2*k, z + 2*k - 12 = 0. Suppose -7 - 95 = -z*i. What are the prime factors of i?
3, 17
Let h = -7 - -5. List the prime factors of (-15)/((-10)/h) + 59.
2, 7
Suppose -2030 = 15*p - 22*p. What are the prime factors of p?
2, 5, 29
Let w(l) = 17*l**2 + 82*l - 43. List the prime factors of w(-17).
2, 11, 79
Suppose 0*j + 592 = 8*j. Suppose 5*f = 5*s + 410, -s = -f - 4*s + j. List the prime factors of f.
2, 5
Let p(x) = -x**2 - 12*x + 10. Let v be p(-13). What are the prime factors of v/(45/(-470))*3?
2, 47
List the prime factors of -552*(4 + (-88)/16).
2, 3, 23
Let t(u) = -u**2 + 3*u + 12. Let y be t(5). Let h be y/6 - (-1638)/27. Suppose 2*a = -5*w + 305, -2*w = -a - h - 61. What are the prime factors of w?
61
List the prime factors of (-4*1976/80)/(2/(-20)).
2, 13, 19
Let i(q) be the second derivative of -q**5/20 - q**4/12 - 7*q**3/6 - 2*q**2 - 16*q. List the prime factors of i(-3).
5, 7
Suppose -45*v + 49*v - 1480 = 0. What are the prime factors of v?
2, 5, 37
Let g be 40/(-50) - 878/(-10). Let m = g - 62. List the prime factors of m.
5
What are the prime factors of 0 + 649 - (-2)/1?
3, 7, 31
Suppose 4*w - 2*r + 90 + 12 = 0, -w = 4*r + 21. Let u = 18 - 20. List the prime factors of (-2 - w) + u + -1.
2, 5
Let c = -2010 - -3779. What are the prime factors of c?
29, 61
Let l(b) = b**2 - 5*b. Suppose x + 65 = 6*x. List the prime factors of l(x).
2, 13
Suppose -5*g + 2 = -4*g. Suppose 2*j + g*j - 40 = 0. Suppose -j*u = -15*u + 50. What are the prime factors of u?
2, 5
Suppose s + 16 = 4*s + 5*g, -3*s = 2*g - 10. Suppose 0 = s*n, 3*n = 4*d - n - 208. What are the prime factors of (d/(-10))/(8/(-40))?
2, 13
Suppose -3 = 3*p - c, -3*p + 5*c = 2*c - 3. Let h(l) = -l**2 + 3. Let g be h(p). What are the prime factors of (-1)/((1/19)/g)?
19
Let o = -10 - -22. Let l = 10 - 28. Let t = o - l. What are the prime factors of t?
2, 3, 5
Suppose -4*g = -g + 3*c + 1272, -5*c = -3*g - 1248. Let n = -261 - g. Suppose -2*o = j - 65, -4*o + 3*j = -j - n. What are the prime factors of o?
5, 7
List the prime factors of (-28)/7 - (-431 + -3).
2, 5, 43
Suppose 0 = -2*r + 7*r. Suppose r = -3*u - 0*m + 2*m + 20, 2*u = -4*m - 8. Suppose -u*k + 176 = 36. What are the prime factors of k?
5, 7
Let u(d) = 40*d**3 + d - 1. Let a be u(1). Let q(m) = m**3 - 8*m**2 + 12*m - 7. Let z be q(5). Let v = z + a. List the prime factors of v.
2, 3
Suppose -21*s + 91 = -644. List the prime factors of 3248/s + 4/(-5).
2, 23
Suppose -6 = -3*u + u. Let f(h) = -2*h + 2*h + u + 0*h + h. List the prime factors of f(5).
2
Let l = 1295 - -392. What are the prime factors of l?
7, 241
Suppose 4*u - 52 = -7*z + 4*z, -5*z - 68 = -3*u. Let m = u + 28. List the prime factors of m.
2, 11
Let z(m) = 2*m**3 - 55*m**2 - 64*m - 49. What are the prime factors of z(29)?
2, 3, 103
Let j(q) = 3*q**2 - 18*q + 295. What are the prime factors of j(23)?
2, 367
Suppose 4*d = -3*d. Suppose d = 2*l, 2*q - 6*l = -8*l + 330. List the prime factors of q.
3, 5, 11
Let t = -2 - -2. Suppose t*n - 455 = -5*n. What are the prime factors of n?
7, 13
Let n = 185 - 167. List the prime factors of n.
2, 3
Suppose -7*s + 4*w = -3*s + 4, 0 = -5*s - w + 1. Let i be s/((-1)/(1 - 0)). Suppose i*u + 36 = 2*u. What are the prime factors of u?
2, 3
Suppose 8488 = 3*j - 18*f + 22*f, 8 = 2*f. What are the prime factors of j?
2, 353
Let a(f) be the second derivative of -f**5/20 + f**4/4 - 2*f**3/3 + f**2 + 15*f. Let z be a(2). List the prime factors of 3*(-10)/z*1.
3, 5
Let h = -18 + 60. Let c = -25 + h. What are the prime factors of c?
17
Suppose -3*l - 12 = -6*l. Let u be (-104)/(-16)*2*l. Suppose 3*i = i + u. What are the prime factors of i?
2, 13
Let f be 3/2*2 + -1. Suppose -2*b = -x - 0*x - 4, b = -f*x + 7. Suppose 5*g - o = 85, -3*o + 6*o = g - b. What are the prime factors of g?
2, 3
Let v(h) = 5 - 9 + 8 - h**2. Let j be v(2). Suppose 3*a = 2*g - 67, -g + j*a = a - 21. List the prime factors of g.
2, 13
List the prime factors of (-6 + (-1950)/12)/(3/(-66)).
11, 337
Suppose -4*q - 5*k = -22, q + 2*k = 3 + 4. Suppose q*g = 5*w - 67, 3*g + 4*w + 0*w = -22. List the prime factors of g/4*(-3 + -3).
3, 7
Suppose 40*z = 18*z + 28050. What are the prime factors of z?
3, 5, 17
Let i(c) = -2*c**2 + 7*c. Let s(d) = -d**3 + 10*d**2 + d - 5. Let f be s(10). Let z be i(f). What are the prime factors of -4*(z/2 + 4)?
2, 7
Let c(l) = 5*l**3 + l**2 + 3*l - 15. Let a(o) = -11*o**3 - o**2 - 6*o + 31. Let y(m) = -4*a(m) - 9*c(m). List the prime factors of y(-8).
227
Suppose 0*g + 252 = 4